{"id":498,"date":"2022-03-02T08:32:57","date_gmt":"2022-03-02T08:32:57","guid":{"rendered":"https:\/\/judo-club-premstaetten.at\/?page_id=498"},"modified":"2024-04-10T19:32:31","modified_gmt":"2024-04-10T19:32:31","slug":"impressum","status":"publish","type":"page","link":"https:\/\/judo-club-premstaetten.at\/index.php\/kontakt\/impressum\/","title":{"rendered":"Impressum"},"content":{"rendered":"\n<p><strong>F\u00fcr diese Website verantwortlicher Herausgeber und Medieninhaber:<\/strong><\/p>\n\n\n<style>.wp-block-kadence-advancedheading.kt-adv-heading498_62b2ee-a8, .wp-block-kadence-advancedheading.kt-adv-heading498_62b2ee-a8[data-kb-block=\"kb-adv-heading498_62b2ee-a8\"]{font-style:normal;}.wp-block-kadence-advancedheading.kt-adv-heading498_62b2ee-a8 mark.kt-highlight, .wp-block-kadence-advancedheading.kt-adv-heading498_62b2ee-a8[data-kb-block=\"kb-adv-heading498_62b2ee-a8\"] mark.kt-highlight{font-style:normal;color:#f76a0c;-webkit-box-decoration-break:clone;box-decoration-break:clone;padding-top:0px;padding-right:0px;padding-bottom:0px;padding-left:0px;}.wp-block-kadence-advancedheading.kt-adv-heading498_62b2ee-a8 img.kb-inline-image, .wp-block-kadence-advancedheading.kt-adv-heading498_62b2ee-a8[data-kb-block=\"kb-adv-heading498_62b2ee-a8\"] img.kb-inline-image{width:150px;vertical-align:baseline;}<\/style>\n<p class=\"kt-adv-heading498_62b2ee-a8 wp-block-kadence-advancedheading\" data-kb-block=\"kb-adv-heading498_62b2ee-a8\">Sportunion-Judoclub Premst\u00e4tten<br>Sitz: Premst\u00e4tten (Unterpremst\u00e4tten-Zettling), \u00d6sterreich<br>ZVR-Zahl: 141592274<br><br>Zustelladresse: 8054 Seiersberg, H\u00f6henweg 32c, \u00d6sterreich<\/p>\n\n\n\n<p>Obmann: Helmut Probst<br>Schriftf\u00fchrer: Stefan Moshammer<\/p>\n\n\n\n<p>F\u00fcr die Richtigkeit und Vollst\u00e4ndigkeit der gebotenen Informationen und der von anderen Diensten \u00fcbernommenen Daten wird keine Gew\u00e4hr \u00fcbernommen. F\u00fcr dennoch enthaltene Fehler kann keine wie immer geartete Haftung \u00fcbernommen werden. Weiters erkl\u00e4rt sich der Sportunion-Judoclub Premst\u00e4tten als nicht verantwortlich f\u00fcr den Inhalt von Internetseiten, auf die mit einem Link verwiesen wird.<br>Jede Nutzung bzw. Weiterverwendung von Inhalten au\u00dferhalb der Internetseiten des Sportunion-Judoclub Premst\u00e4tten und \/ oder das Kopieren von urheberrechtlich oder durch andere gesetzliche Regelungen gesch\u00fctzter Inhalte ist ohne ausdr\u00fcckliche Zustimmung nicht gestattet.<\/p>\n","protected":false},"excerpt":{"rendered":"<p>F\u00fcr diese Website verantwortlicher Herausgeber und Medieninhaber: Sportunion-Judoclub Premst\u00e4ttenSitz: Premst\u00e4tten (Unterpremst\u00e4tten-Zettling), \u00d6sterreichZVR-Zahl: 141592274 Zustelladresse: 8054 Seiersberg, H\u00f6henweg 32c, \u00d6sterreich Obmann: Helmut ProbstSchriftf\u00fchrer: Stefan Moshammer F\u00fcr die Richtigkeit und Vollst\u00e4ndigkeit der gebotenen Informationen und der von anderen Diensten \u00fcbernommenen Daten wird keine Gew\u00e4hr \u00fcbernommen. F\u00fcr dennoch enthaltene Fehler kann keine wie immer geartete Haftung \u00fcbernommen werden. [&hellip;]<\/p>\n","protected":false},"author":1,"featured_media":0,"parent":494,"menu_order":0,"comment_status":"closed","ping_status":"closed","template":"","meta":{"_uag_custom_page_level_css":"","site-sidebar-layout":"default","site-content-layout":"","ast-site-content-layout":"default","site-content-style":"default","site-sidebar-style":"default","ast-global-header-display":"","ast-banner-title-visibility":"","ast-main-header-display":"","ast-hfb-above-header-display":"","ast-hfb-below-header-display":"","ast-hfb-mobile-header-display":"","site-post-title":"","ast-breadcrumbs-content":"","ast-featured-img":"","footer-sml-layout":"","ast-disable-related-posts":"","theme-transparent-header-meta":"","adv-header-id-meta":"","stick-header-meta":"","header-above-stick-meta":"","header-main-stick-meta":"","header-below-stick-meta":"","astra-migrate-meta-layouts":"set","ast-page-background-enabled":"default","ast-page-background-meta":{"desktop":{"background-color":"","background-image":"","background-repeat":"repeat","background-position":"center center","background-size":"auto","background-attachment":"scroll","background-type":"","background-media":"","overlay-type":"","overlay-color":"","overlay-opacity":"","overlay-gradient":""},"tablet":{"background-color":"","background-image":"","background-repeat":"repeat","background-position":"center center","background-size":"auto","background-attachment":"scroll","background-type":"","background-media":"","overlay-type":"","overlay-color":"","overlay-opacity":"","overlay-gradient":""},"mobile":{"background-color":"","background-image":"","background-repeat":"repeat","background-position":"center center","background-size":"auto","background-attachment":"scroll","background-type":"","background-media":"","overlay-type":"","overlay-color":"","overlay-opacity":"","overlay-gradient":""}},"ast-content-background-meta":{"desktop":{"background-color":"var(--ast-global-color-5)","background-image":"","background-repeat":"repeat","background-position":"center center","background-size":"auto","background-attachment":"scroll","background-type":"","background-media":"","overlay-type":"","overlay-color":"","overlay-opacity":"","overlay-gradient":""},"tablet":{"background-color":"var(--ast-global-color-5)","background-image":"","background-repeat":"repeat","background-position":"center center","background-size":"auto","background-attachment":"scroll","background-type":"","background-media":"","overlay-type":"","overlay-color":"","overlay-opacity":"","overlay-gradient":""},"mobile":{"background-color":"var(--ast-global-color-5)","background-image":"","background-repeat":"repeat","background-position":"center center","background-size":"auto","background-attachment":"scroll","background-type":"","background-media":"","overlay-type":"","overlay-color":"","overlay-opacity":"","overlay-gradient":""}},"footnotes":""},"class_list":["post-498","page","type-page","status-publish","hentry"],"featured_image_src":null,"featured_image_src_square":null,"uagb_featured_image_src":{"full":false,"thumbnail":false,"medium":false,"medium_large":false,"large":false,"1536x1536":false,"2048x2048":false,"ab-block-post-grid-landscape":false,"ab-block-post-grid-square":false},"uagb_author_info":{"display_name":"admin","author_link":"https:\/\/judo-club-premstaetten.at\/index.php\/author\/admin\/"},"uagb_comment_info":0,"uagb_excerpt":"F\u00fcr diese Website verantwortlicher Herausgeber und Medieninhaber: Sportunion-Judoclub Premst\u00e4ttenSitz: Premst\u00e4tten (Unterpremst\u00e4tten-Zettling), \u00d6sterreichZVR-Zahl: 141592274 Zustelladresse: 8054 Seiersberg, H\u00f6henweg 32c, \u00d6sterreich Obmann: Helmut ProbstSchriftf\u00fchrer: Stefan Moshammer F\u00fcr die Richtigkeit und Vollst\u00e4ndigkeit der gebotenen Informationen und der von anderen Diensten \u00fcbernommenen Daten wird keine Gew\u00e4hr \u00fcbernommen. F\u00fcr dennoch enthaltene Fehler kann keine wie immer geartete Haftung \u00fcbernommen werden.&hellip;","_links":{"self":[{"href":"https:\/\/judo-club-premstaetten.at\/index.php\/wp-json\/wp\/v2\/pages\/498","targetHints":{"allow":["GET"]}}],"collection":[{"href":"https:\/\/judo-club-premstaetten.at\/index.php\/wp-json\/wp\/v2\/pages"}],"about":[{"href":"https:\/\/judo-club-premstaetten.at\/index.php\/wp-json\/wp\/v2\/types\/page"}],"author":[{"embeddable":true,"href":"https:\/\/judo-club-premstaetten.at\/index.php\/wp-json\/wp\/v2\/users\/1"}],"replies":[{"embeddable":true,"href":"https:\/\/judo-club-premstaetten.at\/index.php\/wp-json\/wp\/v2\/comments?post=498"}],"version-history":[{"count":8,"href":"https:\/\/judo-club-premstaetten.at\/index.php\/wp-json\/wp\/v2\/pages\/498\/revisions"}],"predecessor-version":[{"id":744,"href":"https:\/\/judo-club-premstaetten.at\/index.php\/wp-json\/wp\/v2\/pages\/498\/revisions\/744"}],"up":[{"embeddable":true,"href":"https:\/\/judo-club-premstaetten.at\/index.php\/wp-json\/wp\/v2\/pages\/494"}],"wp:attachment":[{"href":"https:\/\/judo-club-premstaetten.at\/index.php\/wp-json\/wp\/v2\/media?parent=498"}],"curies":[{"name":"wp","href":"https:\/\/api.w.org\/{rel}","templated":true}]}}